Calculate the remainder when 134728 is divided by 44254.
1966
What is the remainder when 17031 is divided by 3615?
2571
Calculate the remainder when 3907510 is divided by 27.
16
What is the remainder when 158315 is divided by 4683?
3776
Calculate the remainder when 122626098 is divided by 40875363.
9
What is the remainder when 63857084 is divided by 89?
29
What is the remainder when 4171 is divided by 503?
147
What is the remainder when 16191056 is divided by 76?
16
Calculate the remainder when 411303 is divided by 2655.
2433
Calculate the remainder when 146421 is divided by 48699.
324
What is the remainder when 4542544 is divided by 449?
11
What is the remainder when 3482955 is divided by 4?
3
Calculate the remainder when 2320741 is divided by 464106.
211
Calculate the remainder when 244934176 is divided by 134.
132
Calculate the remainder when 683684 is divided by 152.
140
What is the remainder when 10826930 is divided by 611?
10
What is the remainder when 27771 is divided by 745?
206
Calculate the remainder when 13919392 is divided by 333.
325
What is the remainder when 135152705 is divided by 10695?
10685
What is the remainder when 21543 is divided by 3563?
165
Calculate the remainder when 81510 is divided by 6270.
0
Calculate the remainder when 31450 is divided by 29091.
2359
Calculate the remainder when 25693952 is divided by 632.
624
What is the remainder when 882610 is divided by 4672?
4274
What is the remainder when 50563824 is divided by 5689?
5681
What is the remainder when 9803135 is divided by 9803124?
11
What is the remainder when 653878 is divided by 18672?
358
Calculate the remainder when 725437 is divided by 974.
781
Calculate the remainder when 3955907 is divided by 24.
11
What is the remainder when 309243 is divided by 38091?
4515
What is the remainder when 6043427 is divided by 586?
9
What is the remainder when 2900572 is divided by 5118?
3784
Calculate the remainder when 3395090 is divided by 381.
380
Calculate the remainder when 54115 is divided by 53930.
185
Calculate the remainder when 421439 is divided by 412.
375
What is the remainder when 75189240 is divided by 152?
8
What is the remainder when 1495943 is divided by 373964?
87
What is the remainder when 495073 is divided by 272?
33
Calculate the remainder when 294360 is divided by 146582.
1196
What is the remainder when 2068620 is divided by 1034294?
32
What is the remainder when 222045990 is divided by 28?
26
What is the remainder when 43115662 is divided by 1514?
1484
Calculate the remainder when 867324608 is divided by 84.
80
Calculate the remainder when 19462482 is divided by 1621873.
6
What is the remainder when 14226291 is divided by 109433?
1
What is the remainder when 67297151 is divided by 124?
119
Calculate the remainder when 25398 is divided by 2331.
2088
What is the remainder when 14095176 is divided by 4341?
4290
What is the remainder when 124334 is divided by 12313?
1204
Calculate the remainder when 9980 is divided by 801.
368
What is the remainder when 780900 is divided by 780896?
4
Calculate the remainder when 422252662 is divided by 6492.
6490
Calculate the remainder when 217216 is divided by 36202.
4
Calculate the remainder when 852092 is divided by 401.
368
Calculate the remainder when 4554035 is divided by 116.
107
What is the remainder when 3940450 is divided by 117?
7
Calculate the remainder when 527125 is divided by 231.
214
What is the remainder when 540539 is divided by 153?
143
What is the remainder when 13992 is divided by 10775?
3217
What is the remainder when 18939 is divided by 497?
53
Calculate the remainder when 36204848 is divided by 871.
862
What is the remainder when 1248 is divided by 39?
0
What is the remainder when 20180510 is divided by 1428?
14
Calculate the remainder when 2475 is divided by 584.
139
What is the remainder when 6874021 is divided by 761?
669
What is the remainder when 1229368 is divided by 139?
52
What is the remainder when 2288770 is divided by 27?
7
Calculate the remainder when 22786433 is divided by 18.
17
What is the remainder when 479375 is divided by 555?
410
What is the remainder when 51059 is divided by 1423?
1254
What is the remainder when 1048527 is divided by 1048460?
67
Calculate the remainder when 517334 is divided by 33.
26
What is the remainder when 25312 is divided by 8198?
718
Calculate the remainder when 33516 is divided by 10884.
864
What is the remainder when 2218833 is divided by 260?
253
Calculate the remainder when 2919514 is divided by 199.
184
What is the remainder when 584693 is divided by 330?
263
Calculate the remainder when 3508239 is divided by 93.
0
Calculate the remainder when 73414 is divided by 192.
70
What is the remainder when 45899 is divided by 2194?
2019
Calculate the remainder when 1149409 is divided by 970.
929
Calculate the remainder when 11580848 is divided by 807.
398
What is the remainder when 190317700 is divided by 347?
345
What is the remainder when 57729048 is divided by 14432261?
4
Calculate the remainder when 64300796 is divided by 985.
981
Calculate the remainder when 158997573 is divided by 23.
22
Calculate the remainder when 196941 is divided by 31938.
5313
Calculate the remainder when 7517022 is divided by 326825.
47
Calculate the remainder when 363274 is divided by 6726.
70
Calculate the remainder when 304947 is divided by 16941.
9
Calculate the remainder when 335702 is divided by 20979.
38
Calculate the remainder when 1320320 is divided by 50781.
14
Calculate the remainder when 766300 is divided by 255.
25
What is the remainder when 2646384 is divided by 653?
428
Calculate the remainder when 306818717 is divided by 3536.
3533
What is the remainder when 2305776 is divided by 173?
32
What is the remainder when 2832610 is divided by 3089?
3086
Calculate the remainder when 297557 is divided by 12.
5
What is the remainder when 366795 is divided by 18061?
5575
What is the remainder when 28235787 is divided by 90?
87
What is the remainder when 273018948 is divided by 1553?
1548
What is the remainder when 214137 is divided by 71372?
21
What is the remainder when 7566870 is divided by 13?
12
What is the remainder when 812122 is divided by 270681?
79
Calculate the remainder when 927949 is divided by 716.
13
What is the remainder when 841580 is divided by 13556?
1108
What is the remainder when 2608 is divided by 2591?
17
Calculate the remainder when 35368 is divided by 5742.
916
What is the remainder when 913959 is divided by 2374?
2343
Calculate the remainder when 45320 is divided by 685.
110
Calculate the remainder when 24209 is divided by 2008.
113
What is the remainder when 2401788 is divided by 171530?
368
Calculate the remainder when 7333347 is divided by 1833319.
71
Calculate the remainder when 190385 is divided by 1511.
1510
Calculate the remainder when 14775299 is divided by 223.
211
Calculate the remainder when 2246910301 is divided by 26.
25
What is the remainder when 1753822 is divided by 1090?
12
Calculate the remainder when 3598203 is divided by 27467.
26
What is the remainder when 7004131 is divided by 188?
3
Calculate the remainder when 4316022 is divided by 47.
12
What is the remainder when 3205937 is divided by 22?
9
What is the remainder when 317054 is divided by 14371?
892
What is the remainder when 34149674 is divided by 196262?
86
What is the remainder when 23086096 is divided by 676?
20
Calculate the remainder when 556274 is divided by 36.
2
Calculate the remainder when 110046 is divided by 8464.
14
Calculate the remainder when 94065 is divided by 1177.
1082
What is the remainder when 243984 is divided by 121931?
122
Calculate the remainder when 13667053 is divided by 787.
11
What is the remainder when 18308 is divided by 1510?
188
Calculate the remainder when 434781 is divided by 1252.
337
Calculate the remainder when 13148 is divided by 10288.
2860
What is the remainder when 9486510 is divided by 8164?
8106
What is the remainder when 6976911 is divided by 147?
144
Calculate the remainder when 701213 is divided by 30483.
104
What is the remainder when 37252381 is divided by 416?
413
What is the remainder when 137550 is divided by 137542?
8
Calculate the remainder when 71106 is divided by 34919.
1268
Calculate the remainder when 3062460 is